 of 3416.
2, 7, 61
What are the prime factors of 75215?
5, 7, 307
What are the prime factors of 989?
23, 43
What are the prime factors of 924?
2, 3, 7, 11
List the prime factors of 237.
3, 79
List the prime factors of 25411.
25411
List the prime factors of 5662.
2, 19, 149
List the prime factors of 544.
2, 17
List the prime factors of 173.
173
What are the prime factors of 18070?
2, 5, 13, 139
List the prime factors of 1354.
2, 677
What are the prime factors of 64097?
11, 5827
What are the prime factors of 11?
11
What are the prime factors of 132258?
2, 3, 7, 47, 67
List the prime factors of 170.
2, 5, 17
List the prime factors of 968.
2, 11
What are the prime factors of 18734?
2, 17, 19, 29
List the prime factors of 6308.
2, 19, 83
What are the prime factors of 255?
3, 5, 17
What are the prime factors of 4883?
19, 257
What are the prime factors of 6891?
3, 2297
What are the prime factors of 358?
2, 179
What are the prime factors of 126469?
7, 29, 89
What are the prime factors of 360?
2, 3, 5
What are the prime factors of 2778?
2, 3, 463
What are the prime factors of 2946?
2, 3, 491
List the prime factors of 164059.
7, 23, 1019
List the prime factors of 1596.
2, 3, 7, 19
List the prime factors of 1039.
1039
List the prime factors of 8320.
2, 5, 13
List the prime factors of 516.
2, 3, 43
What are the prime factors of 22?
2, 11
What are the prime factors of 1281?
3, 7, 61
List the prime factors of 1741.
1741
List the prime factors of 6211.
6211
What are the prime factors of 26722?
2, 31, 431
List the prime factors of 24203.
24203
List the prime factors of 3770.
2, 5, 13, 29
List the prime factors of 749.
7, 107
List the prime factors of 5025.
3, 5, 67
List the prime factors of 2599.
23, 113
List the prime factors of 1032.
2, 3, 43
List the prime factors of 111735.
3, 5, 13, 191
What are the prime factors of 778?
2, 389
List the prime factors of 25584.
2, 3, 13, 41
List the prime factors of 1430.
2, 5, 11, 13
List the prime factors of 4582.
2, 29, 79
What are the prime factors of 20901?
3, 6967
List the prime factors of 778.
2, 389
What are the prime factors of 9108?
2, 3, 11, 23
List the prime factors of 41150.
2, 5, 823
What are the prime factors of 4459?
7, 13
List the prime factors of 71178.
2, 3, 11863
What are the prime factors of 80564?
2, 11, 1831
What are the prime factors of 6570?
2, 3, 5, 73
List the prime factors of 4464.
2, 3, 31
List the prime factors of 12079.
47, 257
List the prime factors of 3495.
3, 5, 233
List the prime factors of 73418.
2, 36709
What are the prime factors of 66205?
5, 13241
List the prime factors of 25478.
2, 12739
List the prime factors of 2314.
2, 13, 89
What are the prime factors of 15226?
2, 23, 331
List the prime factors of 1472.
2, 23
List the prime factors of 9502.
2, 4751
What are the prime factors of 1399?
1399
What are the prime factors of 11258?
2, 13, 433
List the prime factors of 80140.
2, 5, 4007
List the prime factors of 57036.
2, 3, 7, 97
List the prime factors of 37362.
2, 3, 13, 479
List the prime factors of 2688.
2, 3, 7
List the prime factors of 1159.
19, 61
What are the prime factors of 355?
5, 71
What are the prime factors of 39719?
39719
List the prime factors of 3012.
2, 3, 251
What are the prime factors of 9312?
2, 3, 97
List the prime factors of 84316.
2, 107, 197
List the prime factors of 334.
2, 167
What are the prime factors of 29669?
29669
What are the prime factors of 42393?
3, 13, 1087
What are the prime factors of 405?
3, 5
List the prime factors of 12006.
2, 3, 23, 29
List the prime factors of 1300.
2, 5, 13
What are the prime factors of 41376?
2, 3, 431
List the prime factors of 162.
2, 3
List the prime factors of 92621.
23, 4027
List the prime factors of 80005.
5, 16001
What are the prime factors of 876?
2, 3, 73
What are the prime factors of 4401?
3, 163
List the prime factors of 1268.
2, 317
What are the prime factors of 6877?
13, 23
What are the prime factors of 2007?
3, 223
What are the prime factors of 70078?
2, 37, 947
List the prime factors of 4125.
3, 5, 11
List the prime factors of 2599.
23, 113
What are the prime factors of 26655?
3, 5, 1777
List the prime factors of 3955.
5, 7, 113
What are the prime factors of 30445?
5, 6089
What are the prime factors of 88?
2, 11
List the prime factors of 987.
3, 7, 47
What are the prime factors of 715?
5, 11, 13
What are the prime factors of 2256?
2, 3, 47
What are the prime factors of 8623?
8623
What are the prime factors of 7145?
5, 1429
List the prime factors of 58859.
71, 829
List the prime factors of 962.
2, 13, 37
What are the prime factors of 5132?
2, 1283
What are the prime factors of 19856?
2, 17, 73
What are the prime factors of 328?
2, 41
What are the prime factors of 1289?
1289
List the prime factors of 66314.
2, 71, 467
List the prime factors of 1876.
2, 7, 67
List the prime factors of 665.
5, 7, 19
What are the prime factors of 6583?
29, 227
What are the prime factors of 19778?
2, 11, 29, 31
What are the prime factors of 2126?
2, 1063
What are the prime factors of 251?
251
What are the prime factors of 4310?
2, 5, 431
What are the prime factors of 37864?
2, 4733
List the prime factors of 6969.
3, 23, 101
What are the prime factors of 14345?
5, 19, 151
List the prime factors of 2552.
2, 11, 29
List the prime factors of 209.
11, 19
What are the prime factors of 603?
3, 67
List the prime factors of 8875.
5, 71
What are the prime factors of 412?
2, 103
List the prime factors of 460.
2, 5, 23
List the prime factors of 11874.
2, 3, 1979
What are the prime factors of 4119?
3, 1373
List the prime factors of 486.
2, 3
What are the prime factors of 1415?
5, 283
What are the prime factors of 109833?
3, 31, 1181
What are the prime factors of 59433?
3, 11, 1801
What are the prime factors of 2521?
2521
List the prime factors of 1003.
17, 59
What are the prime factors of 765?
3, 5, 17
What are the prime factors of 240?
2, 3, 5
What are the prime factors of 9459?
3, 1051
What are the prime factors of 43477?
7, 6211
List the prime factors of 1989.
3, 13, 17
What are the prime factors of 157145?
5, 53, 593
List the prime factors of 9078.
2, 3, 17, 89
What are the prime factors of 1011?
3, 337
List the prime factors of 26971.
7, 3853
List the prime factors of 20859.
3, 17, 409
List the prime factors of 1830.
2, 3, 5, 61
What are the prime factors of 677?
677
What are the prime factors of 38529?
3, 1427
What are the prime factors of 3654?
2, 3, 7, 29
What are the prime factors of 3591?
3, 7, 19
What are the prime factors of 536?
2, 67
What are the prime factors of 901?
17, 53
What are the prime factors of 58082?
2, 113, 257
What are the prime factors of 92217?
3, 59, 521
What are the prime factors of 36503?
173, 211
What are the prime factors of 8418?
2, 3, 23, 61
List the prime factors of 44856.
2, 3, 7, 89
List the prime factors of 3361.
3361
What are the prime factors of 7488?
2, 3, 13
What are the prime factors of 450?
2, 3, 5
What are the prime factors of 452?
2, 113
List the prime factors of 59.
59
List the prime factors of 28689.
3, 73, 131
List the prime factors of 1714.
2, 857
List the prime factors of 460.
2, 5, 23
List the prime factors of 2332.
2, 11, 53
List the prime factors of 6381.
3, 709
What are the prime factors of 20235?
3, 5, 19, 71
List the prime factors of 3141.
3, 349
What are the prime factors of 1932?
2, 3, 7, 23
List the prime factors of 88391.
157, 563
What are the prime factors of 3155?
5, 631
List the prime factors of 16994.
2, 29, 293
What are the prime factors of 105601?
105601
What are the prime factors of 49905?
3, 5, 1109
What are the prime factors of 4925?
5, 197
What are the prime factors of 3334?
2, 1667
List the prime factors of 12214.
2, 31, 197
List the prime factors of 4702.
2, 2351
List the prime factors of 14145.
3, 5, 23, 41
List the prime factors of 25155.
3, 5, 13, 43
What are the prime factors of 524?
2, 131
What are the prime factors of 20756?
2, 5189
List the prime factors of 14548.
2, 3637
List the prime factors of 4542.
2, 3, 757
List the prime factors of 1385.
5, 277
What are the prime factors of 92000?
2, 5, 23
List the prime factors of 49901.
139, 359
List the prime factors of 7355.
5, 1471
List the prime factors of 1394.
2, 17, 41
What are the prime factors of 13987?
71, 19